{"id":209,"date":"2017-07-08T12:32:46","date_gmt":"2017-07-08T10:32:46","guid":{"rendered":"http:\/\/editionandreasirle.com\/?page_id=209"},"modified":"2017-11-11T13:30:03","modified_gmt":"2017-11-11T12:30:03","slug":"t-jack-vance-weltenschoepfer-und-wortschmied","status":"publish","type":"page","link":"https:\/\/editionandreasirle.de\/?page_id=209","title":{"rendered":"Jack Vance \u2013 Weltensch\u00f6pfer und Wortschmied"},"content":{"rendered":"<p><img loading=\"lazy\" decoding=\"async\" class=\"size-medium wp-image-119 aligncenter\" src=\"http:\/\/editionandreasirle.com\/wp-content\/uploads\/2017\/05\/weltensch\u00f6pfer-190x300.jpg\" alt=\"\" width=\"190\" height=\"300\" srcset=\"https:\/\/editionandreasirle.de\/wp-content\/uploads\/2017\/05\/weltensch\u00f6pfer-190x300.jpg 190w, https:\/\/editionandreasirle.de\/wp-content\/uploads\/2017\/05\/weltensch\u00f6pfer.jpg 468w\" sizes=\"auto, (max-width: 190px) 100vw, 190px\" \/><\/p>\n<p style=\"text-align: center;\">Essaysammlung<br \/>\nin einer \u00dcbersetzung von Andreas Irle<br \/>\n505 Seiten<br \/>\nEdition Andreas Irle, 2016<br \/>\nISBN-13 978-3-936922-29-5<br \/>\nPreis: EUR 50,--<\/p>\n<p style=\"text-align: left;\">Aus dem Inhalt:<br \/>\nJack Vance<br \/>\n1945 \u2013 Einf\u00fchrung als Schriftsteller<br \/>\nFranz Rottensteiner<br \/>\n1964\/69 \u2013 Jack Vance<br \/>\nRichard Tiedman<br \/>\n1965 \u2013 Jack Vance \u2013 Science-Fiction-Stilist<br \/>\nTerry Dowling<br \/>\n1978 \u2013 Die Kunst der Xenografie<br \/>\nArthur Jean Cox<br \/>\n1980 \u2013 Jack Vance \u2013 Der Welten-Denker<br \/>\nRussell Letson<br \/>\n1985 \u2013 Einleitung zu \u00bbLight from a Lone Star\u00ab<br \/>\nRussell Letson<br \/>\n1987 \u2013 Identit\u00e4t, Freiheit und Wille<br \/>\nDavid Alexander<br \/>\n1988 \u2013 Wie man Hunde t\u00f6tet<br \/>\nAndreas Irle<br \/>\n1996 \u2013 Wortschmied und Weltensch\u00f6pfer<br \/>\nNick Gevers<br \/>\n2000 \u2013 Herr der Sprache, Meister der Tr\u00e4ume<br \/>\nJack Vance<br \/>\n2000 \u2013 Biografische Skizze &amp; andere Fakten<br \/>\nTom Shippey<br \/>\n2000 \u2013 Menschen sind formbar<br \/>\nDavid Langford<br \/>\n2000 \u2013 Aufwachsen und zur\u00fcckschlagen<br \/>\nDavid Mathew<br \/>\n2000 \u2013 Von Phade zu Wayness<br \/>\nNorma Vance<br \/>\n2003 \u2013 Eine Jack-Vance-Biografie<br \/>\nNorma Vance<br \/>\n2003 \u2013 Jack Vance aus anderem Blickwinkel<br \/>\nPaul Rhoads<br \/>\n2009 \u2013 Betrachtungen \u00fcber Gr\u00f6\u00dfe in der Literatur<br \/>\nCarlo Rotella<br \/>\n2009 \u2013 Der Genre-K\u00fcnstler<br \/>\nGisbert Haefs<br \/>\n2013 \u2013 In Gedenken an Jack Vance<br \/>\nMark von Schlegell<br \/>\n2014 \u2013 Der gro\u00dfe Jack Vance<\/p>\n","protected":false},"excerpt":{"rendered":"<p>Essaysammlung in einer \u00dcbersetzung von Andreas Irle 505 Seiten Edition Andreas Irle, 2016 ISBN-13 978-3-936922-29-5 Preis: EUR 50,-- Aus dem Inhalt: Jack Vance 1945 \u2013 Einf\u00fchrung als Schriftsteller Franz Rottensteiner 1964\/69 \u2013 Jack Vance Richard Tiedman 1965 \u2013 Jack Vance \u2013 Science-Fiction-Stilist Terry Dowling 1978 \u2013 Die Kunst der Xenografie Arthur Jean Cox 1980 \u2013 Jack Vance \u2013 Der Welten-Denker&nbsp;<a href=\"https:\/\/editionandreasirle.de\/?page_id=209\" class=\"read-more\">Weiter lesen<\/a><\/p>\n","protected":false},"author":2,"featured_media":0,"parent":369,"menu_order":0,"comment_status":"closed","ping_status":"closed","template":"","meta":{"footnotes":""},"class_list":["post-209","page","type-page","status-publish","hentry"],"_links":{"self":[{"href":"https:\/\/editionandreasirle.de\/index.php?rest_route=\/wp\/v2\/pages\/209","targetHints":{"allow":["GET"]}}],"collection":[{"href":"https:\/\/editionandreasirle.de\/index.php?rest_route=\/wp\/v2\/pages"}],"about":[{"href":"https:\/\/editionandreasirle.de\/index.php?rest_route=\/wp\/v2\/types\/page"}],"author":[{"embeddable":true,"href":"https:\/\/editionandreasirle.de\/index.php?rest_route=\/wp\/v2\/users\/2"}],"replies":[{"embeddable":true,"href":"https:\/\/editionandreasirle.de\/index.php?rest_route=%2Fwp%2Fv2%2Fcomments&post=209"}],"version-history":[{"count":6,"href":"https:\/\/editionandreasirle.de\/index.php?rest_route=\/wp\/v2\/pages\/209\/revisions"}],"predecessor-version":[{"id":673,"href":"https:\/\/editionandreasirle.de\/index.php?rest_route=\/wp\/v2\/pages\/209\/revisions\/673"}],"up":[{"embeddable":true,"href":"https:\/\/editionandreasirle.de\/index.php?rest_route=\/wp\/v2\/pages\/369"}],"wp:attachment":[{"href":"https:\/\/editionandreasirle.de\/index.php?rest_route=%2Fwp%2Fv2%2Fmedia&parent=209"}],"curies":[{"name":"wp","href":"https:\/\/api.w.org\/{rel}","templated":true}]}}