{"id":232,"date":"2017-07-08T12:25:49","date_gmt":"2017-07-08T10:25:49","guid":{"rendered":"http:\/\/editionandreasirle.com\/?page_id=232"},"modified":"2017-11-11T12:52:59","modified_gmt":"2017-11-11T11:52:59","slug":"v-verlag","status":"publish","type":"page","link":"https:\/\/editionandreasirle.de\/?page_id=232","title":{"rendered":"Verlag"},"content":{"rendered":"<p>&nbsp;<\/p>\n<h3 style=\"text-align: left;\">Der Verlag<\/h3>\n<p>Die Edition Andreas Irle wurde 1995 gegr\u00fcndet. Ziel des Verlages ist es, qualitativ hochwertige B\u00fccher herauszugeben. Das hei\u00dft: \u00dcberwiegend B\u00fccher in einer limitierten Auflage, gedruckt auf hochwertigem Papier, mit titelgepr\u00e4gtem Leinen und mit Fadenheftung.<br \/>\nB\u00fccher, die Bestand haben \u2013\u00a0 inhaltlich wie \u00e4u\u00dferlich.<\/p>\n<h3>Der Autor<\/h3>\n<p>Jack Vance, bekannt durch seine farbigen Abenteuergeschichten und seinen unverwechselbaren Schreibstil, ist der ideale Schriftsteller f\u00fcr eine solche Buchausstattung. In ihm verbinden sich handwerkliche Qualit\u00e4t und emotional\u00a0ansprechender Inhalt \u2013\u00a0 dies sollen die B\u00fccher der Edition repr\u00e4sentieren.<\/p>\n<h3>Die Qualit\u00e4t<\/h3>\n<p>Das titelgepr\u00e4gte Einbandleinen besteht aus Gewebe. Das verwendete Papier ist ein Alster-Werkdruck; es ist chlor-, holz- und s\u00e4urefrei und entspricht der DIN-ISO 9706 f\u00fcr alterungsbest\u00e4ndige Papiere. Die Fadenheftung (der meisten Ausgaben) rundet eine Buchausstattung ab, die in ihrer Qualit\u00e4t hierzulande nur noch selten zu finden ist.<\/p>\n","protected":false},"excerpt":{"rendered":"<p>&nbsp; Der Verlag Die Edition Andreas Irle wurde 1995 gegr\u00fcndet. Ziel des Verlages ist es, qualitativ hochwertige B\u00fccher herauszugeben. Das hei\u00dft: \u00dcberwiegend B\u00fccher in einer limitierten Auflage, gedruckt auf hochwertigem Papier, mit titelgepr\u00e4gtem Leinen und mit Fadenheftung. B\u00fccher, die Bestand haben \u2013\u00a0 inhaltlich wie \u00e4u\u00dferlich. Der Autor Jack Vance, bekannt durch seine farbigen Abenteuergeschichten und seinen unverwechselbaren Schreibstil, ist der&nbsp;<a href=\"https:\/\/editionandreasirle.de\/?page_id=232\" class=\"read-more\">Weiter lesen<\/a><\/p>\n","protected":false},"author":2,"featured_media":0,"parent":0,"menu_order":0,"comment_status":"closed","ping_status":"closed","template":"","meta":{"footnotes":""},"class_list":["post-232","page","type-page","status-publish","hentry"],"_links":{"self":[{"href":"https:\/\/editionandreasirle.de\/index.php?rest_route=\/wp\/v2\/pages\/232","targetHints":{"allow":["GET"]}}],"collection":[{"href":"https:\/\/editionandreasirle.de\/index.php?rest_route=\/wp\/v2\/pages"}],"about":[{"href":"https:\/\/editionandreasirle.de\/index.php?rest_route=\/wp\/v2\/types\/page"}],"author":[{"embeddable":true,"href":"https:\/\/editionandreasirle.de\/index.php?rest_route=\/wp\/v2\/users\/2"}],"replies":[{"embeddable":true,"href":"https:\/\/editionandreasirle.de\/index.php?rest_route=%2Fwp%2Fv2%2Fcomments&post=232"}],"version-history":[{"count":5,"href":"https:\/\/editionandreasirle.de\/index.php?rest_route=\/wp\/v2\/pages\/232\/revisions"}],"predecessor-version":[{"id":625,"href":"https:\/\/editionandreasirle.de\/index.php?rest_route=\/wp\/v2\/pages\/232\/revisions\/625"}],"wp:attachment":[{"href":"https:\/\/editionandreasirle.de\/index.php?rest_route=%2Fwp%2Fv2%2Fmedia&parent=232"}],"curies":[{"name":"wp","href":"https:\/\/api.w.org\/{rel}","templated":true}]}}